 r(-4). Calculate the greatest common divisor of 3 and n.
1
Suppose -2*s + 18 = -26. Suppose -35*c = -4 - 66. Calculate the greatest common divisor of c and s.
2
Let y be (-4 - 2*-1) + 44. Let h = 1261 + -883. What is the highest common divisor of y and h?
42
Suppose 0 = 23*o - 521 - 951. Calculate the highest common divisor of o and 40.
8
Let i(g) = -3*g**3 - 7*g**2 - 4*g + 4. Let b be (1 - (1 + -3)) + 18. Suppose 1 = 5*o + b. Let x be i(o). Calculate the greatest common factor of x and 40.
20
Let i(w) = -3*w**2 + 20*w + 1. Let u be i(5). Suppose -4*s = -4*z + u + 50, -93 = -5*z + 4*s. Calculate the highest common divisor of z and 187.
17
Let b(f) = f**3 - 9*f**2 - 6*f + 2. Let c be b(10). Let j be ((-4)/(-14))/(3/c). Calculate the greatest common factor of j and 4.
4
Let z(o) = 18*o + 212. Let w be z(-9). Calculate the greatest common divisor of w and 10.
10
Let z be ((-1302)/30 - -9)/(4/(-10)). What is the highest common divisor of 602 and z?
86
Let x(b) = -b**3 - 14*b**2 - 24*b + 3. Let h(v) = -v**2 - 9*v - 20. Let w be h(-8). Let y be x(w). Calculate the highest common divisor of y and 9.
3
Suppose 0 = -x + m + 387, m + 0*m = -4*x + 1533. What is the greatest common divisor of x and 48?
48
Let z = 199 - 187. Suppose -3*i + 93 = -2*l + 3*l, -l - 2*i + 98 = 0. Calculate the greatest common factor of z and l.
12
Let y be (39/(-18))/(6/(-36)). Calculate the highest common factor of 104 and y.
13
Suppose 20*b = 16*b + 12. Suppose -b*q - 12 + 222 = 0. Let c(p) = 15*p - 1. Let t be c(1). What is the greatest common factor of t and q?
14
Let i = -37 - -133. Let l(g) = -g**3 - 2*g**2 - 14*g - 24. Let s be l(-4). What is the highest common divisor of i and s?
32
Suppose f + 375 = 6*f. Let o be 51/68 + 10/8. Suppose -3*i = -o*i - z - 28, 3*i - 5*z = 80. Calculate the highest common factor of f and i.
15
Suppose 5*x - p - 944 = 0, x + x + 5*p - 383 = 0. What is the greatest common divisor of x and 9?
9
Let y = 733 + 2. Calculate the highest common factor of 15 and y.
15
Suppose x + 3*x + 5*q = 41, -4*q = 4*x - 36. Suppose -14 = -x*s + 10. Let j(d) = -2*d + 1. Let i be j(-4). What is the greatest common factor of s and i?
3
Let x be (-3600)/675*(-840 - 0). Calculate the greatest common divisor of x and 35.
35
Let p be 26/(-1) - (-8 - -8). Let h = -24 - p. Calculate the greatest common factor of h and 14.
2
Let x = 20 + -23. Let d be 8*(7/2 + x). Let q be ((-8)/6)/((-2)/15). What is the highest common divisor of d and q?
2
Let q be (192/21)/(8/28). Calculate the highest common factor of q and 176.
16
Let k(q) = 24*q. Let a be (-2)/6 + 156/(-18). Let u(h) = -h**3 - 9*h**2 + 1. Let v be u(a). Let w be k(v). What is the greatest common divisor of 6 and w?
6
Suppose 390 + 130 = 2*b. Let x be (5/(30/(-52)))/((-13)/78). Calculate the greatest common divisor of x and b.
52
Let o be (3 - -11) + 1 + -5. Let t = 8 + 92. Suppose 8*w = 3*w + t. Calculate the greatest common divisor of w and o.
10
Suppose -2*y + 343 - 77 = 2*p, -9 = 3*p. What is the highest common divisor of 17 and y?
17
Let a be 69/12 - 4/(-144)*-27. Let o be (-4 + (-1)/1)/(-1). What is the greatest common divisor of a and o?
5
Let b = -349 + 564. Let v be 2/4 + 330/(-4). Let a = b + v. What is the highest common factor of 19 and a?
19
Suppose 113 = -4*y - 3. Let d = 53 + y. What is the highest common factor of d and 60?
12
Suppose -3*t = -5*j + 105, 4*j - 5*t - 79 = 18. What is the highest common factor of j and 1854?
18
Let z = -31 - -61. Let w = z - 27. Let v be (27/w)/(2/30). Calculate the greatest common factor of v and 15.
15
Suppose -6*n + 373 = 43. What is the highest common factor of 66 and n?
11
Let g be (-960)/(-14) + (-48)/(-112). What is the greatest common divisor of g and 621?
69
Suppose 3*v - 29412 = -0*v. Let s be v/84 - 4/(-14). Suppose -4*h + 2*h - 4*r = -56, 0 = -4*h - 3*r + s. Calculate the highest common factor of 10 and h.
10
Suppose -5*v + r - 463 = 2*r, 0 = -2*v + 4*r - 172. Let g be -6*(v/6 - -2). Suppose 7*u - g = 2*u. What is the highest common factor of u and 32?
16
Let b = 2013 + -2003. Let p = -15 + 25. Calculate the greatest common divisor of p and b.
10
Let n = -1407 - -1447. Calculate the highest common factor of 35 and n.
5
Let q be ((-6)/15)/(3/(-15)). Let r(m) = 50*m**2 - 3*m + 2. Let u be r(q). Calculate the highest common divisor of u and 28.
28
Let u = 30 - 24. Let m(n) be the third derivative of 5*n**4/24 - n**3/3 + n**2. Let x be m(u). Calculate the highest common factor of x and 42.
14
Suppose -k = 20 - 24. What is the greatest common divisor of 4 and k?
4
Let f = 159 - -8. Suppose y - 76 = -5*a, -4*y + 2*a = -f - 225. Calculate the greatest common divisor of y and 24.
24
Suppose 6 = -3*z + 4*a, a - 3 - 4 = -2*z. Suppose 6*b = z*b - n + 82, -b + 16 = -2*n. Calculate the highest common divisor of b and 50.
10
Let i(b) = b**2 + 20*b - 98. Let d be i(5). Calculate the highest common factor of d and 36.
9
Suppose -39*w + 44*w - 140 = -5*s, 0 = 3*w - 4*s - 77. Let n(h) = 6*h. Let t be n(3). Calculate the highest common factor of w and t.
9
Suppose 4*k - 248 = 2*j, 5*j = 4*k - 258 + 22. Calculate the highest common divisor of 8 and k.
8
Suppose -4*q + 58 = -2*o + o, 5*o - 2*q = -272. Let y = o + 99. Let s(d) = d**3 + 5*d**2 + 5. Let u be s(-5). What is the greatest common factor of u and y?
5
Let t(v) = 4*v**2 - 7*v + 1. Suppose 4*w = -8, 2 + 16 = -4*g + 3*w. Let f be t(g). Calculate the highest common divisor of 17 and f.
17
Let x be 2/(10/15) + -3. Suppose -4*g - g - 40 = x. Let l(a) = -a**2 - 10*a. Let o be l(g). What is the highest common divisor of o and 128?
16
Suppose -5*r - 4 = 5*c - 29, 0 = -r + 5*c - 19. Suppose -15 - r = -2*a. Let z = -1437 - -1509. What is the greatest common factor of a and z?
8
Suppose -3*f = -2*a - 44, 3*f - 3*a = a + 46. Suppose 3*w + 2*p = 447, 4*p = f - 2. What is the greatest common factor of w and 21?
21
Let h(k) = 2*k**3 - 21*k**2 - 8*k + 15. Let t be h(11). What is the highest common divisor of 16 and t?
16
Let w = 9 + -12. Let k be 0/(-2) + -1 + w. Let n be 10/((0 - 4)/k). What is the greatest common divisor of n and 20?
10
Suppose 0 = -3*v - 6, 4*i + v = 5*v + 148. What is the greatest common divisor of 55 and i?
5
Suppose -2*k - 2*k = -20. Suppose 0 = 4*z + 4*h - 4, -h - k = -2*h. Let p be z + 3 + 69/3. Calculate the highest common factor of 55 and p.
11
Suppose -14*y + 3743 = -961. Calculate the greatest common factor of y and 126.
42
Suppose -89*a + 12 = 2*d - 87*a, 0 = 5*d - 4*a - 57. Suppose 0*s = -o + s + 4, 3*o - 6 = s. Calculate the highest common divisor of d and o.
1
Let x be 554/4 - 45/(-30). Let q be -3 + x/1 - 2. What is the greatest common factor of q and 54?
27
Let l = 369 - 237. Let n(f) = -f**2 - 10*f + 3. Let u = 6 + -15. Let x be n(u). Calculate the greatest common divisor of l and x.
12
Let i be (12/(-14))/(3/(-21)). Let j be (2 - 12)/(-5) + 88/4. Calculate the highest common divisor of j and i.
6
Let w = 240 - 227. Calculate the highest common factor of 325 and w.
13
Let g = 1067 - 77. Suppose 2*l = 7*l - g. Calculate the highest common factor of l and 18.
18
Suppose 0 = -65*r + 60*r + 270. What is the highest common divisor of r and 27?
27
Suppose 4*a = -3*y + 231, -2*y + 3*a + 65 = -106. Calculate the greatest common divisor of y and 216.
27
Suppose 0 = 71*r + 37*r - 2052. Suppose 116 + 55 = a. What is the greatest common factor of a and r?
19
Suppose -5*x + 181 = 4*w, 4*w + 2*x = -0*x + 178. Suppose -w + 19 = -q. Let r = q - 13. Calculate the highest common factor of 84 and r.
12
Let d = -1525 - -1561. Calculate the highest common factor of 564 and d.
12
Suppose 149 + 139 = 4*h. Calculate the greatest common factor of h and 156.
12
Let p be -7*((-81)/(-3))/(9/(-30)). Calculate the highest common divisor of 280 and p.
70
Let c(x) = -x**2 - 5*x - 1. Let h be c(-4). Suppose -71 = -h*p + 40. Let z = p + -27. What is the greatest common factor of z and 20?
10
Suppose -77*u = -72*u - 575. Let a = u - 38. What is the greatest common divisor of 11 and a?
11
Let s be (16/6 - 4)/((-4)/6). Suppose 8 + 38 = s*k + 2*y, k = 5*y + 5. What is the highest common factor of 160 and k?
20
Let l be (8 + (-1)/1)*1. Let w(h) = 2*h**2 - 7*h + 6. Let m be w(-4). Let z = m - 31. Calculate the greatest common factor of